[INFO] cloning repository https://github.com/AndreasOM/oml-game
[INFO] running `Command { std: "git" "-c" "credential.helper=" "-c" "credential.helper=/workspace/cargo-home/bin/git-credential-null" "clone" "--bare" "https://github.com/AndreasOM/oml-game" "/workspace/cache/git-repos/https%3A%2F%2Fgithub.com%2FAndreasOM%2Foml-game", kill_on_drop: false }`
[INFO] [stderr] Cloning into bare repository '/workspace/cache/git-repos/https%3A%2F%2Fgithub.com%2FAndreasOM%2Foml-game'...
[INFO] running `Command { std: "git" "rev-parse" "HEAD", kill_on_drop: false }`
[INFO] [stdout] 4977bc17ce2b45e36c276ec1e110a6d7ab3031c5
[INFO] checking AndreasOM/oml-game against master#e6e4f7ed1589e03bc2f6c5931c1a72e7947e8682 for beta-170-4
[INFO] running `Command { std: "git" "clone" "/workspace/cache/git-repos/https%3A%2F%2Fgithub.com%2FAndreasOM%2Foml-game" "/workspace/builds/worker-2-tc2/source", kill_on_drop: false }`
[INFO] [stderr] Cloning into '/workspace/builds/worker-2-tc2/source'...
[INFO] [stderr] done.
[INFO] validating manifest of git repo https://github.com/AndreasOM/oml-game on toolchain e6e4f7ed1589e03bc2f6c5931c1a72e7947e8682
[INFO] running `Command { std: CARGO_HOME="/workspace/cargo-home" RUSTUP_HOME="/workspace/rustup-home" "/workspace/cargo-home/bin/cargo" "+e6e4f7ed1589e03bc2f6c5931c1a72e7947e8682" "metadata" "--manifest-path" "Cargo.toml" "--no-deps", kill_on_drop: false }`
[INFO] started tweaking git repo https://github.com/AndreasOM/oml-game
[INFO] finished tweaking git repo https://github.com/AndreasOM/oml-game
[INFO] tweaked toml for git repo https://github.com/AndreasOM/oml-game written to /workspace/builds/worker-2-tc2/source/Cargo.toml
[INFO] crate git repo https://github.com/AndreasOM/oml-game already has a lockfile, it will not be regenerated
[INFO] running `Command { std: CARGO_HOME="/workspace/cargo-home" RUSTUP_HOME="/workspace/rustup-home" "/workspace/cargo-home/bin/cargo" "+e6e4f7ed1589e03bc2f6c5931c1a72e7947e8682" "fetch" "--manifest-path" "Cargo.toml", kill_on_drop: false }`
[INFO] running `Command { std: "docker" "create" "-v" "/var/lib/crater-agent-workspace/builds/worker-2-tc2/target:/opt/rustwide/target:rw,Z" "-v" "/var/lib/crater-agent-workspace/builds/worker-2-tc2/source:/opt/rustwide/workdir:ro,Z" "-v" "/var/lib/crater-agent-workspace/cargo-home:/opt/rustwide/cargo-home:ro,Z" "-v" "/var/lib/crater-agent-workspace/rustup-home:/opt/rustwide/rustup-home:ro,Z" "-e" "SOURCE_DIR=/opt/rustwide/workdir" "-e" "CARGO_TARGET_DIR=/opt/rustwide/target" "-e" "CARGO_HOME=/opt/rustwide/cargo-home" "-e" "RUSTUP_HOME=/opt/rustwide/rustup-home" "-w" "/opt/rustwide/workdir" "-m" "1610612736" "--user" "0:0" "--network" "none" "ghcr.io/rust-lang/crates-build-env/linux@sha256:19e73879b68f455e41552ea35293514db52ea292d993f571636dbffedb77a1ee" "/opt/rustwide/cargo-home/bin/cargo" "+e6e4f7ed1589e03bc2f6c5931c1a72e7947e8682" "metadata" "--no-deps" "--format-version=1", kill_on_drop: false }`
[INFO] [stdout] 36c2b3cd50d9fb4d3b082ef0785fd854f1053258e1fb73a6d9d6ed68e85a5d0f
[INFO] running `Command { std: "docker" "start" "-a" "36c2b3cd50d9fb4d3b082ef0785fd854f1053258e1fb73a6d9d6ed68e85a5d0f", kill_on_drop: false }`
[INFO] running `Command { std: "docker" "inspect" "36c2b3cd50d9fb4d3b082ef0785fd854f1053258e1fb73a6d9d6ed68e85a5d0f", kill_on_drop: false }`
[INFO] running `Command { std: "docker" "rm" "-f" "36c2b3cd50d9fb4d3b082ef0785fd854f1053258e1fb73a6d9d6ed68e85a5d0f", kill_on_drop: false }`
[INFO] [stdout] 36c2b3cd50d9fb4d3b082ef0785fd854f1053258e1fb73a6d9d6ed68e85a5d0f
[INFO] running `Command { std: "docker" "create" "-v" "/var/lib/crater-agent-workspace/builds/worker-2-tc2/target:/opt/rustwide/target:rw,Z" "-v" "/var/lib/crater-agent-workspace/builds/worker-2-tc2/source:/opt/rustwide/workdir:ro,Z" "-v" "/var/lib/crater-agent-workspace/cargo-home:/opt/rustwide/cargo-home:ro,Z" "-v" "/var/lib/crater-agent-workspace/rustup-home:/opt/rustwide/rustup-home:ro,Z" "-e" "SOURCE_DIR=/opt/rustwide/workdir" "-e" "CARGO_TARGET_DIR=/opt/rustwide/target" "-e" "CARGO_INCREMENTAL=0" "-e" "RUST_BACKTRACE=full" "-e" "RUSTFLAGS=--cap-lints=forbid" "-e" "RUSTDOCFLAGS=--cap-lints=forbid" "-e" "CARGO_HOME=/opt/rustwide/cargo-home" "-e" "RUSTUP_HOME=/opt/rustwide/rustup-home" "-w" "/opt/rustwide/workdir" "-m" "1610612736" "--user" "0:0" "--network" "none" "ghcr.io/rust-lang/crates-build-env/linux@sha256:19e73879b68f455e41552ea35293514db52ea292d993f571636dbffedb77a1ee" "/opt/rustwide/cargo-home/bin/cargo" "+e6e4f7ed1589e03bc2f6c5931c1a72e7947e8682" "check" "--frozen" "--all" "--all-targets" "--message-format=json", kill_on_drop: false }`
[INFO] [stdout] 45ac22a2b6947624b656b7fb363bc1ce2e46269319323ed91c907a00f5c4b198
[INFO] running `Command { std: "docker" "start" "-a" "45ac22a2b6947624b656b7fb363bc1ce2e46269319323ed91c907a00f5c4b198", kill_on_drop: false }`
[INFO] [stderr]    Compiling autocfg v1.1.0
[INFO] [stderr]    Compiling libc v0.2.139
[INFO] [stderr]     Checking cfg-if v1.0.0
[INFO] [stderr]    Compiling proc-macro2 v1.0.51
[INFO] [stderr]    Compiling unicode-ident v1.0.6
[INFO] [stderr]    Compiling quote v1.0.23
[INFO] [stderr]    Compiling pkg-config v0.3.26
[INFO] [stderr]    Compiling syn v1.0.107
[INFO] [stderr]    Compiling xml-rs v0.8.4
[INFO] [stderr]    Compiling log v0.4.17
[INFO] [stderr]    Compiling cc v1.0.79
[INFO] [stderr]     Checking bitflags v1.3.2
[INFO] [stderr]    Compiling memoffset v0.6.5
[INFO] [stderr]     Checking scopeguard v1.1.0
[INFO] [stderr]     Checking smallvec v1.10.0
[INFO] [stderr]    Compiling memchr v2.5.0
[INFO] [stderr]     Checking once_cell v1.17.0
[INFO] [stderr]    Compiling khronos_api v3.1.0
[INFO] [stderr]     Checking lazy_static v1.4.0
[INFO] [stderr]    Compiling cmake v0.1.49
[INFO] [stderr]    Compiling wayland-scanner v0.29.5
[INFO] [stderr]    Compiling wayland-sys v0.29.5
[INFO] [stderr]     Checking libloading v0.7.4
[INFO] [stderr]     Checking adler v1.0.2
[INFO] [stderr]     Checking miniz_oxide v0.6.2
[INFO] [stderr]     Checking dlib v0.5.0
[INFO] [stderr]    Compiling crc32fast v1.3.2
[INFO] [stderr]    Compiling crossbeam-utils v0.8.14
[INFO] [stderr]    Compiling gl_generator v0.14.0
[INFO] [stderr]     Checking nix v0.24.3
[INFO] [stderr]    Compiling freetype-sys v0.13.1
[INFO] [stderr]    Compiling expat-sys v2.1.6
[INFO] [stderr]    Compiling lock_api v0.4.9
[INFO] [stderr]    Compiling memoffset v0.7.1
[INFO] [stderr]    Compiling crossbeam-epoch v0.9.13
[INFO] [stderr]     Checking downcast-rs v1.2.0
[INFO] [stderr]    Compiling version_check v0.9.4
[INFO] [stderr]     Checking scoped-tls v1.0.1
[INFO] [stderr]    Compiling wayland-client v0.29.5
[INFO] [stderr]     Checking flate2 v1.0.25
[INFO] [stderr]     Checking num_cpus v1.15.0
[INFO] [stderr]    Compiling servo-fontconfig-sys v5.1.0
[INFO] [stderr]    Compiling slotmap v1.0.6
[INFO] [stderr]     Checking minimal-lexical v0.2.1
[INFO] [stderr]     Checking bytemuck v1.13.0
[INFO] [stderr]    Compiling thiserror v1.0.38
[INFO] [stderr]     Checking nom v7.1.3
[INFO] [stderr]    Compiling wayland-protocols v0.29.5
[INFO] [stderr]     Checking wayland-commons v0.29.5
[INFO] [stderr]    Compiling num-traits v0.2.15
[INFO] [stderr]    Compiling rayon-core v1.10.2
[INFO] [stderr]     Checking crossbeam-deque v0.8.2
[INFO] [stderr]     Checking png v0.17.7
[INFO] [stderr]     Checking crossbeam-channel v0.5.6
[INFO] [stderr]     Checking nix v0.25.1
[INFO] [stderr]    Compiling crossfont v0.5.1
[INFO] [stderr]    Compiling smithay-client-toolkit v0.16.0
[INFO] [stderr]    Compiling x11-dl v2.21.0
[INFO] [stderr]    Compiling num-integer v0.1.45
[INFO] [stderr]     Checking foreign-types-shared v0.3.1
[INFO] [stderr]    Compiling futures-core v0.3.26
[INFO] [stderr]     Checking arrayref v0.3.6
[INFO] [stderr]     Checking vec_map v0.8.2
[INFO] [stderr]    Compiling parking_lot_core v0.9.7
[INFO] [stderr]     Checking tiny-skia-path v0.7.0
[INFO] [stderr]     Checking xcursor v0.3.4
[INFO] [stderr]     Checking servo-fontconfig v0.5.1
[INFO] [stderr]     Checking safe_arch v0.5.2
[INFO] [stderr]     Checking freetype-rs v0.26.0
[INFO] [stderr]     Checking wayland-cursor v0.29.5
[INFO] [stderr]     Checking getrandom v0.2.8
[INFO] [stderr]     Checking memmap2 v0.5.8
[INFO] [stderr]    Compiling serde_derive v1.0.152
[INFO] [stderr]     Checking cty v0.2.2
[INFO] [stderr]     Checking either v1.8.1
[INFO] [stderr]     Checking arrayvec v0.5.2
[INFO] [stderr]     Checking nanorand v0.7.0
[INFO] [stderr]     Checking rayon v1.6.1
[INFO] [stderr]     Checking tiny-skia v0.7.0
[INFO] [stderr]     Checking spin v0.9.5
[INFO] [stderr]    Compiling glutin_glx_sys v0.1.8
[INFO] [stderr]    Compiling glutin_egl_sys v0.1.6
[INFO] [stderr]    Compiling indexmap v1.9.2
[INFO] [stderr]    Compiling num-rational v0.4.1
[INFO] [stderr]    Compiling cfg_aliases v0.1.1
[INFO] [stderr]     Checking weezl v0.1.7
[INFO] [stderr]    Compiling serde v1.0.152
[INFO] [stderr]     Checking futures-sink v0.3.26
[INFO] [stderr]     Checking simd-adler32 v0.3.4
[INFO] [stderr]     Checking zune-inflate v0.2.42
[INFO] [stderr]    Compiling oml-audio v0.8.6-alpha
[INFO] [stderr]     Checking jpeg-decoder v0.3.0
[INFO] [stderr]     Checking parking_lot v0.12.1
[INFO] [stderr]     Checking raw-window-handle v0.5.0
[INFO] [stderr]     Checking raw-window-handle v0.4.3
[INFO] [stderr]     Checking mio v0.8.5
[INFO] [stderr]     Checking threadpool v1.8.1
[INFO] [stderr]    Compiling backtrace v0.3.67
[INFO] [stderr]     Checking shared_library v0.1.9
[INFO] [stderr]     Checking instant v0.1.12
[INFO] [stderr]    Compiling anyhow v1.0.69
[INFO] [stderr]     Checking half v2.2.1
[INFO] [stderr]     Checking bit_field v0.10.1
[INFO] [stderr]     Checking color_quant v1.1.0
[INFO] [stderr]     Checking hashbrown v0.12.3
[INFO] [stderr]     Checking gimli v0.27.1
[INFO] [stderr]     Checking lebe v0.5.2
[INFO] [stderr]     Checking percent-encoding v2.2.0
[INFO] [stderr]     Checking cache-padded v1.2.0
[INFO] [stderr]     Checking gif v0.11.4
[INFO] [stderr]     Checking ringbuf v0.2.8
[INFO] [stderr]     Checking tiff v0.8.1
[INFO] [stderr]    Compiling thiserror-impl v1.0.38
[INFO] [stderr]    Compiling foreign-types-macros v0.2.2
[INFO] [stderr]    Compiling pin-project-internal v1.0.12
[INFO] [stderr]    Compiling tracing-attributes v0.1.23
[INFO] [stderr]     Checking osmesa-sys v0.1.2
[INFO] [stderr]     Checking foreign-types v0.5.0
[INFO] [stderr]     Checking wayland-egl v0.29.5
[INFO] [stderr]    Compiling oml-game v0.37.1-dev (/opt/rustwide/workdir)
[INFO] [stderr]     Checking time v0.1.45
[INFO] [stderr]     Checking addr2line v0.19.0
[INFO] [stderr]     Checking dirs-sys-next v0.1.2
[INFO] [stderr]     Checking aho-corasick v0.7.20
[INFO] [stderr]     Checking pin-project v1.0.12
[INFO] [stderr]     Checking object v0.30.3
[INFO] [stderr]     Checking flume v0.10.14
[INFO] [stderr]     Checking calloop v0.10.5
[INFO] [stderr]     Checking tracing-core v0.1.30
[INFO] [stderr]     Checking exr v1.5.3
[INFO] [stderr]     Checking rustc-demangle v0.1.21
[INFO] [stderr]     Checking unsafe-libyaml v0.2.5
[INFO] [stderr]     Checking itoa v1.0.5
[INFO] [stderr]     Checking regex-syntax v0.6.28
[INFO] [stderr]     Checking iana-time-zone v0.1.53
[INFO] [stderr]     Checking ryu v1.0.12
[INFO] [stderr]     Checking pin-project-lite v0.2.9
[INFO] [stderr]     Checking scoped_threadpool v0.1.9
[INFO] [stderr]     Checking byteorder v1.4.3
[INFO] [stderr]     Checking crc-catalog v2.2.0
[INFO] [stderr]     Checking tracing v0.1.37
[INFO] [stderr]     Checking crc v3.0.1
[INFO] [stderr]     Checking chrono v0.4.23
[INFO] [stderr]     Checking dirs-next v2.0.0
[INFO] [stderr]    Compiling derive-getters v0.2.0
[INFO] [stderr]     Checking regex v1.7.1
[INFO] [stderr]    Compiling derivative v2.2.0
[INFO] [stderr]     Checking image v0.24.5
[INFO] [stderr]     Checking sctk-adwaita v0.4.3
[INFO] [stderr]     Checking winit v0.27.5
[INFO] [stderr]     Checking glutin v0.29.1
[INFO] [stderr]     Checking serde_yaml v0.9.17
[INFO] [stdout] warning: use of deprecated associated function `renderer::texture_atlas::TextureAtlas::load_all`: please use texture references instead
[INFO] [stdout]    --> src/renderer.rs:226:35
[INFO] [stdout]     |
[INFO] [stdout] 226 | ...                   let cnt = TextureAtlas::load_all(system, self, &name);
[INFO] [stdout]     |                                               ^^^^^^^^
[INFO] [stdout]     |
[INFO] [stdout]     = note: `#[warn(deprecated)]` on by default
[INFO] [stdout] 
[INFO] [stdout] 
[INFO] [stdout] warning: use of deprecated associated function `renderer::texture_atlas::TextureAtlas::load_all`: please use texture references instead
[INFO] [stdout]    --> src/renderer.rs:226:35
[INFO] [stdout]     |
[INFO] [stdout] 226 | ...                   let cnt = TextureAtlas::load_all(system, self, &name);
[INFO] [stdout]     |                                               ^^^^^^^^
[INFO] [stdout]     |
[INFO] [stdout]     = note: `#[warn(deprecated)]` on by default
[INFO] [stdout] 
[INFO] [stdout] 
[INFO] [stdout] error[E0599]: no function or associated item named `trace_f32` found for struct `DefaultTelemetry` in the current scope
[INFO] [stdout]    --> src/telemetry.rs:440:21
[INFO] [stdout]     |
[INFO] [stdout] 16  | pub struct DefaultTelemetry {}
[INFO] [stdout]     | --------------------------- function or associated item `trace_f32` not found for this struct
[INFO] [stdout] ...
[INFO] [stdout] 440 |         DefaultTelemetry::trace_f32("test_f32", 0.0);
[INFO] [stdout]     |                           ^^^^^^^^^
[INFO] [stdout]     |                           |
[INFO] [stdout]     |                           function or associated item not found in `DefaultTelemetry`
[INFO] [stdout]     |                           help: there is an associated function with a similar name: `trace`
[INFO] [stdout] 
[INFO] [stdout] 
[INFO] [stdout] error[E0599]: no function or associated item named `trace_f32` found for struct `DefaultTelemetry` in the current scope
[INFO] [stdout]    --> src/telemetry.rs:442:21
[INFO] [stdout]     |
[INFO] [stdout] 16  | pub struct DefaultTelemetry {}
[INFO] [stdout]     | --------------------------- function or associated item `trace_f32` not found for this struct
[INFO] [stdout] ...
[INFO] [stdout] 442 |         DefaultTelemetry::trace_f32("test_f32", 1.0);
[INFO] [stdout]     |                           ^^^^^^^^^
[INFO] [stdout]     |                           |
[INFO] [stdout]     |                           function or associated item not found in `DefaultTelemetry`
[INFO] [stdout]     |                           help: there is an associated function with a similar name: `trace`
[INFO] [stdout] 
[INFO] [stdout] 
[INFO] [stdout] error[E0599]: no function or associated item named `trace_f32` found for struct `DefaultTelemetry` in the current scope
[INFO] [stdout]    --> src/telemetry.rs:444:21
[INFO] [stdout]     |
[INFO] [stdout] 16  | pub struct DefaultTelemetry {}
[INFO] [stdout]     | --------------------------- function or associated item `trace_f32` not found for this struct
[INFO] [stdout] ...
[INFO] [stdout] 444 |         DefaultTelemetry::trace_f32("test_f32", 2.0);
[INFO] [stdout]     |                           ^^^^^^^^^
[INFO] [stdout]     |                           |
[INFO] [stdout]     |                           function or associated item not found in `DefaultTelemetry`
[INFO] [stdout]     |                           help: there is an associated function with a similar name: `trace`
[INFO] [stdout] 
[INFO] [stdout] 
[INFO] [stdout] error[E0599]: no function or associated item named `get_f32` found for struct `DefaultTelemetry` in the current scope
[INFO] [stdout]    --> src/telemetry.rs:446:29
[INFO] [stdout]     |
[INFO] [stdout] 16  | pub struct DefaultTelemetry {}
[INFO] [stdout]     | --------------------------- function or associated item `get_f32` not found for this struct
[INFO] [stdout] ...
[INFO] [stdout] 446 |         let t = DefaultTelemetry::get_f32("test_f32");
[INFO] [stdout]     |                                   ^^^^^^^ function or associated item not found in `DefaultTelemetry`
[INFO] [stdout] 
[INFO] [stdout] 
[INFO] [stdout] error[E0599]: no function or associated item named `trace_f32` found for struct `DefaultTelemetry` in the current scope
[INFO] [stdout]    --> src/telemetry.rs:452:22
[INFO] [stdout]     |
[INFO] [stdout] 16  | pub struct DefaultTelemetry {}
[INFO] [stdout]     | --------------------------- function or associated item `trace_f32` not found for this struct
[INFO] [stdout] ...
[INFO] [stdout] 452 |             DefaultTelemetry::trace_f32("test_f32", 99.0);
[INFO] [stdout]     |                               ^^^^^^^^^
[INFO] [stdout]     |                               |
[INFO] [stdout]     |                               function or associated item not found in `DefaultTelemetry`
[INFO] [stdout]     |                               help: there is an associated function with a similar name: `trace`
[INFO] [stdout] 
[INFO] [stdout] 
[INFO] [stdout] error[E0599]: no function or associated item named `get_f32` found for struct `DefaultTelemetry` in the current scope
[INFO] [stdout]    --> src/telemetry.rs:455:29
[INFO] [stdout]     |
[INFO] [stdout] 16  | pub struct DefaultTelemetry {}
[INFO] [stdout]     | --------------------------- function or associated item `get_f32` not found for this struct
[INFO] [stdout] ...
[INFO] [stdout] 455 |         let t = DefaultTelemetry::get_f32("test_f32");
[INFO] [stdout]     |                                   ^^^^^^^ function or associated item not found in `DefaultTelemetry`
[INFO] [stdout] 
[INFO] [stdout] 
[INFO] [stdout] warning: unused import: `tracing`
[INFO] [stdout]  --> src/window/window.rs:9:5
[INFO] [stdout]   |
[INFO] [stdout] 9 | use tracing::*;
[INFO] [stdout]   |     ^^^^^^^
[INFO] [stdout]   |
[INFO] [stdout]   = note: `#[warn(unused_imports)]` on by default
[INFO] [stdout] 
[INFO] [stdout] 
[INFO] [stdout] warning: unused import: `tracing`
[INFO] [stdout]  --> src/window/window.rs:9:5
[INFO] [stdout]   |
[INFO] [stdout] 9 | use tracing::*;
[INFO] [stdout]   |     ^^^^^^^
[INFO] [stdout]   |
[INFO] [stdout]   = note: `#[warn(unused_imports)]` on by default
[INFO] [stdout] 
[INFO] [stdout] 
[INFO] [stdout] error: aborting due to 6 previous errors; 2 warnings emitted
[INFO] [stdout] 
[INFO] [stdout] 
[INFO] [stdout] For more information about this error, try `rustc --explain E0599`.
[INFO] [stdout] 
[INFO] [stderr] error: could not compile `oml-game` (lib test) due to 7 previous errors; 2 warnings emitted
[INFO] [stderr] warning: build failed, waiting for other jobs to finish...
[INFO] [stdout] warning: unused variable: `at`
[INFO] [stdout]    --> src/renderer.rs:789:7
[INFO] [stdout]     |
[INFO] [stdout] 789 |         let at = self
[INFO] [stdout]     |             ^^ help: if this is intentional, prefix it with an underscore: `_at`
[INFO] [stdout]     |
[INFO] [stdout]     = note: `#[warn(unused_variables)]` on by default
[INFO] [stdout] 
[INFO] [stdout] 
[INFO] [stdout] warning: variable does not need to be mutable
[INFO] [stdout]     --> src/renderer.rs:1070:8
[INFO] [stdout]      |
[INFO] [stdout] 1070 |             let mut qs = &mut self.queued_screenshots[i];
[INFO] [stdout]      |                 ----^^
[INFO] [stdout]      |                 |
[INFO] [stdout]      |                 help: remove this `mut`
[INFO] [stdout]      |
[INFO] [stdout]      = note: `#[warn(unused_mut)]` on by default
[INFO] [stdout] 
[INFO] [stdout] 
[INFO] [stdout] warning: unused variable: `slowest_frame_ms`
[INFO] [stdout]    --> src/window/window.rs:161:11
[INFO] [stdout]     |
[INFO] [stdout] 161 |         let mut slowest_frame_ms = 0.0;
[INFO] [stdout]     |                 ^^^^^^^^^^^^^^^^ help: if this is intentional, prefix it with an underscore: `_slowest_frame_ms`
[INFO] [stdout] 
[INFO] [stdout] 
[INFO] [stdout] warning: unused variable: `scale`
[INFO] [stdout]    --> src/window/window.rs:234:11
[INFO] [stdout]     |
[INFO] [stdout] 234 |                         let scale = 0.5;
[INFO] [stdout]     |                             ^^^^^ help: if this is intentional, prefix it with an underscore: `_scale`
[INFO] [stdout] 
[INFO] [stdout] 
[INFO] [stdout] warning: value assigned to `next_time` is never read
[INFO] [stdout]    --> src/window/window.rs:440:8
[INFO] [stdout]     |
[INFO] [stdout] 440 | ...                   next_time = next_frame_time;
[INFO] [stdout]     |                       ^^^^^^^^^
[INFO] [stdout]     |
[INFO] [stdout]     = help: maybe it is overwritten before being read?
[INFO] [stdout]     = note: `#[warn(unused_assignments)]` on by default
[INFO] [stdout] 
[INFO] [stdout] 
[INFO] [stdout] warning: unused variable: `event_count`
[INFO] [stdout]    --> src/window/window.rs:165:4
[INFO] [stdout]     |
[INFO] [stdout] 165 |             event_count += 1;
[INFO] [stdout]     |             ^^^^^^^^^^^
[INFO] [stdout]     |
[INFO] [stdout]     = help: did you mean to capture by reference instead?
[INFO] [stdout] 
[INFO] [stdout] 
[INFO] [stdout] warning: unused variable: `slow_frame_count`
[INFO] [stdout]    --> src/window/window.rs:429:10
[INFO] [stdout]     |
[INFO] [stdout] 429 | ...                   slow_frame_count += 1;
[INFO] [stdout]     |                       ^^^^^^^^^^^^^^^^
[INFO] [stdout]     |
[INFO] [stdout]     = help: did you mean to capture by reference instead?
[INFO] [stdout] 
[INFO] [stdout] 
[INFO] [stdout] warning: unused variable: `next_time`
[INFO] [stdout]    --> src/window/window.rs:440:8
[INFO] [stdout]     |
[INFO] [stdout] 440 | ...                   next_time = next_frame_time;
[INFO] [stdout]     |                       ^^^^^^^^^
[INFO] [stdout]     |
[INFO] [stdout]     = help: did you mean to capture by reference instead?
[INFO] [stdout] 
[INFO] [stdout] 
[INFO] [stdout] warning: variable does not need to be mutable
[INFO] [stdout]    --> src/window/window.rs:161:7
[INFO] [stdout]     |
[INFO] [stdout] 161 |         let mut slowest_frame_ms = 0.0;
[INFO] [stdout]     |             ----^^^^^^^^^^^^^^^^
[INFO] [stdout]     |             |
[INFO] [stdout]     |             help: remove this `mut`
[INFO] [stdout] 
[INFO] [stdout] 
[INFO] [stdout] warning: variable does not need to be mutable
[INFO] [stdout]   --> src/window/window_layout.rs:50:7
[INFO] [stdout]    |
[INFO] [stdout] 50 |         let mut window = self
[INFO] [stdout]    |             ----^^^^^^
[INFO] [stdout]    |             |
[INFO] [stdout]    |             help: remove this `mut`
[INFO] [stdout] 
[INFO] [stdout] 
[INFO] [stdout] warning: 12 warnings emitted
[INFO] [stdout] 
[INFO] [stdout] 
[INFO] running `Command { std: "docker" "inspect" "45ac22a2b6947624b656b7fb363bc1ce2e46269319323ed91c907a00f5c4b198", kill_on_drop: false }`
[INFO] running `Command { std: "docker" "rm" "-f" "45ac22a2b6947624b656b7fb363bc1ce2e46269319323ed91c907a00f5c4b198", kill_on_drop: false }`
[INFO] [stdout] 45ac22a2b6947624b656b7fb363bc1ce2e46269319323ed91c907a00f5c4b198
